3.
-59
What is 27 - 28 - ((17 - 7) + 0) - -60?
49
Calculate 2 + ((-6 - -60) + -24 - (1 - 14)).
45
What is the value of 134 - 158 - (-14 + 25 + 17)?
-52
What is the value of -23 - (9 - ((22 - 31) + 1))?
-40
What is -9 + 66 + -163 - 13?
-119
Calculate 68 - (-45 + 48 - -1).
64
Evaluate 76 - (130 + -129 - (-32 - 2)).
41
What is the value of -1 - -11 - (53 - (117 - 75))?
-1
18 - (-40 - -59) - (-51 + 6)
44
Calculate (-160 - -251) + -151 - (-3 + 12 + 4 + -3).
-70
Calculate 6 + -53 + (19 - (-1 - -7)).
-34
What is the value of (56 - 39 - (49 + 2)) + 8?
-26
Evaluate 3491 + -3473 - (-1 + 34).
-15
What is 33 - (6 - (43 - 81))?
-11
-24 + 17 - (8 + -7) - (103 + 16)
-127
What is the value of 12 - (-14 + (-6 - (-22 - 8)))?
2
(-196 - (-229 - -103)) + (1 - (-3 - -1)) + 3
-64
Calculate 25 - -5 - ((-90 - -27) + 14).
79
What is 0 + 10 + (-53 + -23 + -2 + 18 - 10)?
-60
(0 - (65 + 8)) + (-10 - -33)
-50
What is 100 - 57 - (-9 - (-35 - -12))?
29
What is the value of -83 + -18 + 106 + (-31 - 0)?
-26
What is the value of 27 - (38 - 16) - -40 - 35?
10
Calculate 58 + (-3 - 71) - (-1 + -18) - 8.
-5
What is the value of -93 - ((-16 - -120) + -167)?
-30
Evaluate -308 + 326 - (0 - 20 - -1).
37
Evaluate 66 + -106 + 36 - (-13 - 0) - 52.
-43
-4 + -52 + 84 - -51
79
-81 + (30 + (-40 - -23) - -20)
-48
What is the value of 8 - ((1 - 85 - (-19 + (-36 - -49))) + -3)?
89
What is the value of (61 - 66) + 62 + 14?
71
Calculate 23 + 0 + -1 - -3 - -3.
28
Calculate -30 - ((-4 - 36 - -31) + (-1 - 1)).
-19
Calculate 7 + (14 - (10 - (16 - 12)) - (-57 - -2)).
70
Calculate -2 + -3 + (12 + -1 - (-52 - -49)) + 24.
33
89 + -198 + 135 + -50
-24
What is the value of 53 + (10 + -10 + -2 + 12 - 0 - 18)?
45
Evaluate -2 + -66 - -3 - (-3 - 20 - (-16 + 4)).
-54
-31415 + 31405 - (2 - 0 - 19)
7
What is the value of (-4 + -36 - -7) + 13 + -16 + 54?
18
6 + -20 + -56 + 57
-13
What is -133 + -5 + -48 + (56 - 8) + (-1 - -10)?
-129
What is (-5 - -10) + 19 + -112 + 88 - (69 - -1)?
-70
Evaluate 15 + ((2 - -12) + -14 - 39).
-24
What is (-32 - 22 - -20) + 32 - 107?
-109
Calculate 0 - -73 - (-6175 + 6129).
119
Evaluate 6 + -1 + 300 + -319.
-14
-85 - ((-3 - -10) + -21) - -12
-59
What is -38 + 25 - (-25 - -6) - (5 + 0)?
1
What is the value of -25 - (-1 - 6 - (-66 - (-103 - -36)))?
-17
What is 9 - (-6 + 9) - (600 - 670)?
76
-115 - 15 - (-199 - 78)
147
What is -64 + (-8 + 2 - (-12 - -2)) + -64 + 61?
-63
Evaluate -82 + 15 + (-9 - 3) + -18 - -12.
-85
What is the value of -24 - (25 + (-6 + -29 - -14))?
-28
What is -50 + (-13 - (-54 + 30))?
-39
Evaluate -42 - (-12 + (11 - (-9 - -3 - -4))).
-43
What is 12 + (-33 - (-2 - 31) - 9)?
3
What is -7 - ((26 - 2) + -66)?
35
Calculate 230 + -224 + (17 - (-4 - (-3 + 3)) - 4).
23
What is the value of -3 + 38 + 1 + -1 + (226 - (181 + 54))?
26
What is (5 + (-1 - (3 - -2)) - (42 + 3)) + 9?
-37
What is (304 + 19 - 296) + 1 + -61?
-33
Evaluate -3 + (7 + 48 - -13) - -21.
86
-30 - -4 - (-24 - (6 - 28)) - 1
-25
-78 + -7 + -22 + (-20 - -64)
-63
Calculate 21 + 2 + 2 - (-13514 + 13512).
27
Calculate (-24 - 19) + -54 + 61 + -55.
-91
What is the value of (-13 - (4 - -19)) + 35?
-1
-10 - (-88 + 31 - -31) - 3
13
What is (27 - 49) + 2 + 1 + 3 + -3 + -2?
-21
What is the value of (-13 - -28) + -69 + (1 + 9 - (74 + -61))?
-57
What is 2 + -11 + 3 + -2 + -40 + (-19 - -64)?
-3
Evaluate 112 + -78 + (-58 - -37).
13
What is (-135 - (51 - 98)) + 50?
-38
450 - 421 - (20 - -4 - -5)
0
(-11 - 12 - -28 - 31) + -42
-68
What is -9 + 8 + -10 - 0 - (-7 + 4)?
-8
Calculate 765 + -675 - (-3 - -6).
87
What is (26 + 24 - (29 - 18 - (7 - 0))) + -4?
42
-9 + (-40 - 0) - (-874 - -912)
-87
Calculate -45 + -43 + 41 + 20 - ((1 - -1) + 1).
-30
29 + (-53 - -41) + (3 - 5 - -52)
67
Evaluate -120 - ((75 - 149) + 85 + (2 - 17 - 1)).
-115
67 + (-42 - -79 - 81)
23
-2 + 4 + (0 - -2) - (-2711 - -2699)
16
What is the value of 13 + (-42 - -107 - 55)?
23
What is 47 - -111 - 36 - 66?
56
Evaluate 25 + (-75 - -31) - (0 - (-4 + -12)).
-35
37 + -10 + (5 - (-2 + -19 - (-13 - -6)))
46
Calculate -64 - (-15 - -4 - (-8 - (25 + -18) - -9)).
-59
What is (-54 - -2) + -39 + 42 + (14 - (-1 + 7))?
-41
What is 50 + (53 - 155) - -22?
-30
Evaluate 5 + (5 - (3 - 1) - (59 + -1 + -56)).
6
What is the value of 14 + (11 + -17 - 30)?
-22
What is the value of 36 + -29 + -53 + 0 + 14?
-32
What is -3 + 18 + (70 - 77 - (1 + -16))?
23
(5 - -5) + (-70 - (-35 - 20))
-5
Evaluate (-6 - -2 - (-62 - -48)) + (-48 - 0).
-38
What is 1 + -20 - (-67 - -54)?
-6
Calculate 28 + (21 - (-13 + 24 + 15)).
23
Calculate -1 + (1 - (2 - 1 - (-22 - -11 - -56))).
44
34 + (4 - 3) - (112 - 112)
35
What is the value of -442 + 431 - (-18 + 1)?
6
What is -6 + (-17 - 2 - ((-16 - (2 + 4)) + 14))?
-17
What is the value of 391 - 404 - (-2 - -2 - -15)?
-28
What is (-2 - 2) + (53 - (6 + -5 - 9))?
57
Calculate -5 - 81 - (-695 - -566).
43
Calculate 208 - 117 - (7 + 4 + -8).
88
Calculate -69 + (15 - (-32 - (-15 - 37))).
-74
Evaluate 115 + -42 + (24 - (-4 + 13)).
88
Evaluate 1839 - 1814 - (0 + 22).
3
What is the value of -42 - -51 - (0 + 7) - 1?
1
Calculate (19 - (-1 - (-4 - 14))) + -1.
1
What is -77 - (-189 - -88) - (5 - (0 - -2) - 10)?
31
Calculate 1 - -27 - (-81 - 10 - -149).
-30
What is the value of (7 + -9 + -11 + 27 - 5) + -17 + -48?
-56
Calculate 9 + (45 - -57 - 149).
-38
Evaluate -24 + -53 + 160 + (3 - -2).
88
What is 16 - (16 - -5 - 24) - 51?
-32
Calculate 20 - (-2 + 2 + 6 + (-25 - -8)).
31
What is the value of -2 + 40 + -9 + (-10 + 12 - 5)?
26
Calculate (-36 + 7 + -3 - -5) + (-3 - -2) + 10.
-18
What is (144 - (8 + -5)) + (616 + -620 - (0 - 12))?
149
-14 - (-66 - -112) - 60
-120
Calculate 0 + (-38 - (12 - 5)) + 4 + -4 + 5.
-40
What is -1 + (6 - (9 - -3 - 12 - 4)) + -44?
-35
What is (-10 + 6 - -1 - 11) + 5 + -12?
-21
-9 + -45 - (-14 + -21)
-19
(-13 - (-4 + 4 + 1)) + (-138 - -115)
-37
What is the value of -25 + (52 - (53 - -3))?
-29
Calculate 88 + (10 - 58) - ((-2 - 2) + -8).
52
Evaluate -256 + 265 - ((3 - 1) + -6 + 12 + -34).
35
What is the value of -13003 + 13068 + -26 + 0?
39
Evaluate 31 + 0 + -2 + 0 + (7 - (-38 + 50)).
24
What is (-7 - (1 - 11)) + 4 + (2 + -30 - 1)?
-22
What is 67 + -103 + 66 - 101?
-71
(90 + -169 - -30) + (0 - -15)
-34
What is the value of -10 + -7 + 42 + -12 + 18?
31
Calculate -24 + 68 - (-10 + -13 + 15 - -9).
43
What is the value of -11 - ((30 - 39 - 20) + 25)?
-7
What is the value of -2 + 0 + 0 + 25 + (33 - 54)?
2
What is -5 - (23 + -5 + 6 + 9) - (-8 - -17)?
-47
What is the value of -9 + (4 - 0) + 18 - (39 + -21)?
-5
What is -20 - (-1 + (-6 - -5) + (-20 - (-32 - -15)))?
-15
What is the value of 3 + -1 + 20 + 54 + -15 + -40?
21
Calculate -16 - (42 + (-41 - 24)).
7
What is the value of 14 + 6 + (-38 - -18) + -49?
-49
(-36 - -63 - 41) + -18
-32
What is the value of (6 + -3 - -47) + 12 + -4 + 7 + -4?
61
What is the value of 0 + -1 - (2 + 7) - (189 + -451 - -263)?
-11
Evaluate -13 + -36 + -1 + -13 + 63 + -50.
-50
What is -31 - (-92 - (-8 - 17))?
36
-12 - -14 - 31 - (21 + -19)
-31
Evaluate -3 - 0 - (-13 + 29 - 29) - (8 + 7).
-5
What is (-59 - -103) + -4 + 5?
45
Evaluate -150 - (257 + -107 + -218).
-82
Calculate -48 + -56 + -4 + 92.
-16
What is -26 - -29 - (139 - 195)?
59
What is -13 + 6 + (-5 - (-7 + -5 + -3) - 12)?
-9
What is the value of -171 - -188 - (71 - 19)?
-35
What is 4 - ((-2 + -9 - -63) + (10 - 26))?
-32
Calculate 26 + -13 + 1 - -46 - (-2 + -8).
70
(39 - (131 - -33)) + 226
101
Calculate -7 + -1 + 154 + (24 - 54) + -9.
107
What is (2 - (-21 - -7)) + -30 - (-57 + (-3 - 4))?
50
What is the value of -10 - (-30 + -5 + 10 - -32)?
-17
(3 - (7 - 12)) + -160 - (-21 + 10 + -1)
-140
What is 0 + 13 - (67 + -10) - 18?
-62
What is the value of -39 + -11 + 1 + (-127 - -138) + 0?
-38
What is the value of -1 + 32 - (2207 + -2227)?
51
Evaluate -44 - ((-95 - -59) + -9).
1
What is -23 - (-15 - (25 - 40))?
-23
What is -89 - (-4 - -10) - -96?
1
What is 4 + 1 - 1 - (189 + -128 - 60)?
3
What is 2 + -13 - (29 + -59 + 23 + 5)?
-9
-10 + -2 - (35 - 21 - (-1 + 63)) - -10
46
Calculate 190 - (47 - -11) - 99.
33
Calculate -324 + 349 + 3 + 10 + -4.
34
-41 + (32 + -9 - 5) - 10
-33
What is the value of (-59 - 1) + (-20826 - -20955)?
69
Evaluate -61 - ((2 - (-2 - -9)) + -117 + 112).
-51
What is -33 + 33 + -6 - -22 - (-2 - -61)?
-43
Calculate (-14 - (12 + -2) - -12) + 4 - -40.
32
-1655 + 1612 - (-65 - 3)
25
Calc